{"id":19,"date":"2022-08-07T13:11:33","date_gmt":"2022-08-07T13:11:33","guid":{"rendered":"https:\/\/aikaverlag.de\/cms\/?page_id=19"},"modified":"2025-05-08T13:00:14","modified_gmt":"2025-05-08T11:00:14","slug":"buecher-und-cds","status":"publish","type":"page","link":"https:\/\/aikaverlag.de\/cms\/index.php\/buecher-und-cds\/","title":{"rendered":"B\u00fccher und CDs"},"content":{"rendered":"\n<p><strong>Ich erschaffe mich selbst und lasse mich f\u00fchren<\/strong><\/p>\n\n\n\n<figure class=\"wp-block-image size-full\"><img loading=\"lazy\" decoding=\"async\" width=\"280\" height=\"350\" src=\"https:\/\/aikaverlag.de\/cms\/wp-content\/uploads\/2022\/08\/cover.png\" alt=\"\" class=\"wp-image-77\" srcset=\"https:\/\/aikaverlag.de\/cms\/wp-content\/uploads\/2022\/08\/cover.png 280w, https:\/\/aikaverlag.de\/cms\/wp-content\/uploads\/2022\/08\/cover-240x300.png 240w\" sizes=\"auto, (max-width: 280px) 100vw, 280px\" \/><\/figure>\n\n\n\n<p>Ich betrachte mein Leben als ein Spiel nach kosmischen Gesetzen. Lerne ich, wie ich die Spielregeln zum eigenen Wohle und zum Wohle der anderen anwende, genie\u00dfe ich die F\u00fclle meines eigenen Lebens und des Lebens aller.<br><br>Positive Gedanken und Worte verbunden mit dem Vertrauen in die universelle Sch\u00f6pferkraft und den Sch\u00f6pferplan, sowie die eigene Vorstellungskraft k\u00f6nnen unser Leben positiv beeinflussen.<br><br>Innerer Frieden und eine innere Ausgeglichenheit geben uns die Kraft, dass wir unsere Bestimmung und den Sinn des Lebens erkennen.<br><br>In diesem Buch finden Sie pers\u00f6nliche Anregungen und zahlreiche Beispiele wie sie ihr Leben neu gestalten k\u00f6nnen.<br><br>Das kosmische Wissen existiert schon seit Tausenden von Jahren und ist f\u00fcr jeden Menschen anwendbar, der daf\u00fcr bereit und offen ist.<br><br>Sind sie bereit?<\/p>\n\n\n\n<p>ISBN&nbsp; 978-3-00-038351-9<\/p>\n\n\n\n<p><a href=\"https:\/\/aikaverlag.de\/cms\/wp-content\/uploads\/2025\/05\/AikaVerlag_Buch_Ich-erschaffe-mich-selbst.pdf\" data-type=\"page\" data-id=\"63\" target=\"_blank\" rel=\"noreferrer noopener\">Dieses Buch als PDF herunterladen<\/a>.<\/p>\n\n\n\n<p><\/p>\n\n\n\n<p><strong>Einf\u00fchlsame Gebete<\/strong><br><\/p>\n\n\n\n<figure class=\"wp-block-image size-full\"><img loading=\"lazy\" decoding=\"async\" width=\"400\" height=\"300\" src=\"https:\/\/aikaverlag.de\/cms\/wp-content\/uploads\/2022\/08\/gebete.png\" alt=\"\" class=\"wp-image-76\" srcset=\"https:\/\/aikaverlag.de\/cms\/wp-content\/uploads\/2022\/08\/gebete.png 400w, https:\/\/aikaverlag.de\/cms\/wp-content\/uploads\/2022\/08\/gebete-300x225.png 300w\" sizes=\"auto, (max-width: 400px) 100vw, 400px\" \/><\/figure>\n\n\n\n<p><br>&nbsp;1. Gebet um Entfaltung der eigenen Pers\u00f6nlichkeit (mit Musik)<br>&nbsp;2. Gebet um Entfaltung der eigenen Pers\u00f6nlichkeit (ohne Musik)<br>&nbsp;3. Gebet f\u00fcr Gesundheit (mit Musik)<br>&nbsp;4. Gebet f\u00fcr Gesundheit (ohne Musik)<br>&nbsp;5. Gebet um F\u00fclle (mit Musik)<br>&nbsp;6. Gebet um F\u00fclle (ohne Musik)<br>&nbsp;7. Gebet um eine segensreiche Einstellung zur Umwelt (mit Musik)<br>&nbsp;8. Gebet um eine segensreiche Einstellung zur Umwelt (ohne Musik)<br>&nbsp;9. Gebet um den richtigen Lebenskameraden (mit Musik)<br>10. Gebet um den richtigen Lebenskameraden (ohne Musik)<br>11. Gebet der Dankbarkeit (mit Musik)<br>12. Gebet der Dankbarkeit (ohne Musik)<br>13. Gebet um eine starke Verbindung zu Gott (mit Musik)<br>14. Gebet um eine starke Verbindung zu Gott (ohne Musik)<br>15. Gebet um Erleuchtung (mit Musik)<br>16. Gebet um Erleuchtung (ohne Musik)<\/p>\n\n\n\n<p><\/p>\n\n\n\n<p><\/p>\n\n\n\n<p><strong>Der Schleier l\u00fcftet sich<\/strong><\/p>\n\n\n\n<figure class=\"wp-block-image size-full\"><img loading=\"lazy\" decoding=\"async\" width=\"275\" height=\"332\" src=\"https:\/\/aikaverlag.de\/cms\/wp-content\/uploads\/2022\/08\/schleier.png\" alt=\"\" class=\"wp-image-75\" srcset=\"https:\/\/aikaverlag.de\/cms\/wp-content\/uploads\/2022\/08\/schleier.png 275w, https:\/\/aikaverlag.de\/cms\/wp-content\/uploads\/2022\/08\/schleier-248x300.png 248w\" sizes=\"auto, (max-width: 275px) 100vw, 275px\" \/><\/figure>\n\n\n\n<p>In diesem Buch schildere ich, wie ich durch bewusstes Betrachten und Bearbeiten von Erfahrungen in meinem Leben Fortschritte auf dem Weg zur Selbsterkenntnis gemacht habe. Es ist ein langer und steiniger Weg, der noch nicht zu Ende ist. Wenn wir unsere Erfahrungen als Lektionen erfahren, dann lehrt uns die Lebensschule uns zu fragen: \u201eWas hat das mit mir zu tun, was habe ich aus dieser Situation zu lernen?\u201c Eine bewusste Lebensf\u00fchrung f\u00fchrt letztlich in die Selbsterkenntnis, denn jeder Moment des Lebens enth\u00e4lt potenziell Wissen \u00fcber uns selbst.<\/p>\n\n\n\n<p>ISBN 978-3-9815524-0-9<\/p>\n\n\n\n<p><a href=\"https:\/\/aikaverlag.de\/cms\/wp-content\/uploads\/2025\/05\/Aikaverlag_Buch_der-schleier.pdf\" target=\"_blank\" rel=\"noreferrer noopener\">Dieses Buch als PDF herunterladen<\/a>.<br><\/p>\n\n\n\n<p><\/p>\n\n\n\n<p><strong>Eine amerikanische Karriere auf Hessisch<\/strong><\/p>\n\n\n\n<figure class=\"wp-block-image size-medium\"><img loading=\"lazy\" decoding=\"async\" width=\"260\" height=\"300\" src=\"https:\/\/aikaverlag.de\/cms\/wp-content\/uploads\/2022\/08\/amerikkarriere-260x300.png\" alt=\"\" class=\"wp-image-74\" srcset=\"https:\/\/aikaverlag.de\/cms\/wp-content\/uploads\/2022\/08\/amerikkarriere-260x300.png 260w, https:\/\/aikaverlag.de\/cms\/wp-content\/uploads\/2022\/08\/amerikkarriere.png 535w\" sizes=\"auto, (max-width: 260px) 100vw, 260px\" \/><\/figure>\n\n\n\n<p>Das Buch erz\u00e4hlt die wahre Geschichte eines Mannes, der immer nach dem Spruch lebte: \u201eTue Gutes und es kommt Gutes auf Dich zur\u00fcck.\u201c<br><br>Zielstrebig forderte er das Leben und sich selbst in unerm\u00fcdlicher und oft h\u00e4rtester Arbeit bis zu einem hohen Alter von 95 Jahren.<br>Er erlebte den zweiten Weltkrieg als Pilot und schaffte es, nach dem Krieg zu einem sehr angesehenen Gesch\u00e4ftsmann in der Main-Metropole zu werden.<br>&nbsp;&nbsp;&nbsp;<br>Dieses Buch mag Ansporn sein f\u00fcr unentschlossene oder resignierte Menschen, das Leben trotz fataler Schwierigkeiten und Hindernisse zu meistern.<br>Es gibt immer einen Weg. Und wer losgeht und ihn sucht, wird ihn finden.<\/p>\n\n\n\n<p>ISBN&nbsp; 978-3-00-038351-9<\/p>\n\n\n\n<p><a href=\"https:\/\/aikaverlag.de\/cms\/wp-content\/uploads\/2025\/05\/Aikaverlag_Buch_Hessische-Karriere.pdf\" data-type=\"page\" data-id=\"63\" target=\"_blank\" rel=\"noreferrer noopener\">Dieses Buch als PDF herunterladen<\/a>.<br><\/p>\n\n\n\n<p><strong>Labyrinth zum Ziel<\/strong><br><\/p>\n\n\n\n<figure class=\"wp-block-image size-full\"><img loading=\"lazy\" decoding=\"async\" width=\"280\" height=\"340\" src=\"https:\/\/aikaverlag.de\/cms\/wp-content\/uploads\/2022\/08\/buch_labyrinth_gross.jpg\" alt=\"\" class=\"wp-image-73\" srcset=\"https:\/\/aikaverlag.de\/cms\/wp-content\/uploads\/2022\/08\/buch_labyrinth_gross.jpg 280w, https:\/\/aikaverlag.de\/cms\/wp-content\/uploads\/2022\/08\/buch_labyrinth_gross-247x300.jpg 247w\" sizes=\"auto, (max-width: 280px) 100vw, 280px\" \/><\/figure>\n\n\n\n<p><br>Das Buch erz\u00e4hlt die wahre Geschichte einer Frau, deren W\u00fcnsche Kraft ihrer Gedanken in Erf\u00fcllung gingen.<br><br>In einer l\u00e4ndlichen Gegend aufgewachsen, leidet sie als kleines M\u00e4dchen unter der Enge des Dorfes. Sie sehnt sich nach emotionaler W\u00e4rme, die sie bei ihren Eltern nicht findet, und tr\u00e4umt von einem Leben in der Stadt. In jungen Jahren heiratet sie einen erfolgreichen St\u00e4dter und baut sich mit ihm die heile Welt auf, die sie sich schon als Kind vorgestellt hat: sie wohnt in einer schicken Wohnung, hat einen guten Job und einen Mann, den sie liebt. Alles l\u00e4uft nach Plan, bis sie entdeckt, dass ihr Mann sie mit ihrer besten Freundin betr\u00fcgt. Weitere Schicksalsschl\u00e4ge folgen und Carla stellt fest, dass materielles Gl\u00fcck und Gl\u00fcck, das von anderen abh\u00e4ngt, nicht von Dauer ist. In dieser Lebenskrise entdeckt sie in Yoga und Meditation eine neue Quelle der Erf\u00fcllung und realisiert, dass sie das wahre Gl\u00fcck in ihrem Inneren suchen muss.<br><br>Carlas au\u00dfergew\u00f6hnliche Lebensgeschichte soll vor allem Menschen in scheinbar ausweglosen Situationen Mut geben und zeigen, dass wir alle von einer h\u00f6heren Macht gef\u00fchrt werden und uns f\u00fchren lassen sollen, damit sich T\u00fcren zu einem neuen und besseren Leben \u00f6ffnen k\u00f6nnen.<br><br>&#8222;<em>Die Aufl\u00f6sung von typisch weiblicher Angst und Abh\u00e4ngigkeit wird in dieser Geschichte unaufh\u00f6rlich angeregt durch das Leben selbst. Vertieft durch Reflektion entwickelt sie sich zu einer selbstbestimmten und selbst\u00e4ndigen Pers\u00f6nlichkeit. Psychologisch ein Blick auf die herr- schende weibliche Psychodynamik und deren L\u00f6sung.<\/em> &#8220; &#8211; Gela Uhr (Psychotherapeutin)<\/p>\n\n\n\n<p>&#8222;<em>Eine mitreissende Lekt\u00fcre.&nbsp; Erz\u00e4hlt wird der wahre Lebensweg einer jungen Frau, die nach vielen Entt\u00e4uschungen erkennen mu\u00df, dass nur durch sie selbst und ihren festen Glauben an eine h\u00f6here F\u00fchrung eine \u00c4nderung herbeigef\u00fchrt werden kann.<\/em>&#8220; &#8211; <a rel=\"noreferrer noopener\" href=\"http:\/\/lesefreunde24.npage.de\/romane_28975029.html\" target=\"_blank\">Lesefreunde24<\/a><\/p>\n\n\n\n<p><a href=\"https:\/\/aikaverlag.de\/cms\/wp-content\/uploads\/2025\/05\/Aikaverlag_Buch_Labyrinth_Druck.pdf\">Dieses Buch als PDF herunterladen<\/a><\/p>\n","protected":false},"excerpt":{"rendered":"<p>Ich erschaffe mich selbst und lasse mich f\u00fchren Ich betrachte mein Leben als ein Spiel nach kosmischen Gesetzen. Lerne ich, wie ich die Spielregeln zum eigenen Wohle und zum Wohle der anderen anwende, genie\u00dfe ich die F\u00fclle meines eigenen Lebens &hellip; <a href=\"https:\/\/aikaverlag.de\/cms\/index.php\/buecher-und-cds\/\">Weiterlesen <span class=\"meta-nav\">&rarr;<\/span><\/a><\/p>\n","protected":false},"author":1,"featured_media":0,"parent":0,"menu_order":0,"comment_status":"closed","ping_status":"closed","template":"","meta":{"footnotes":""},"class_list":["post-19","page","type-page","status-publish","hentry"],"_links":{"self":[{"href":"https:\/\/aikaverlag.de\/cms\/index.php\/wp-json\/wp\/v2\/pages\/19","targetHints":{"allow":["GET"]}}],"collection":[{"href":"https:\/\/aikaverlag.de\/cms\/index.php\/wp-json\/wp\/v2\/pages"}],"about":[{"href":"https:\/\/aikaverlag.de\/cms\/index.php\/wp-json\/wp\/v2\/types\/page"}],"author":[{"embeddable":true,"href":"https:\/\/aikaverlag.de\/cms\/index.php\/wp-json\/wp\/v2\/users\/1"}],"replies":[{"embeddable":true,"href":"https:\/\/aikaverlag.de\/cms\/index.php\/wp-json\/wp\/v2\/comments?post=19"}],"version-history":[{"count":12,"href":"https:\/\/aikaverlag.de\/cms\/index.php\/wp-json\/wp\/v2\/pages\/19\/revisions"}],"predecessor-version":[{"id":125,"href":"https:\/\/aikaverlag.de\/cms\/index.php\/wp-json\/wp\/v2\/pages\/19\/revisions\/125"}],"wp:attachment":[{"href":"https:\/\/aikaverlag.de\/cms\/index.php\/wp-json\/wp\/v2\/media?parent=19"}],"curies":[{"name":"wp","href":"https:\/\/api.w.org\/{rel}","templated":true}]}}